 + 131595*i**2 + 40*i - 285 - 3*i**3 - 131586*i**2 + 2*i**3. Give w(10).
5
Let l(g) = g**3 + g**2 - 3*g - 8. Let v be l(7). Let f(d) = -361*d**2 - 1 + 1 + v*d**2 - 2. What is f(2)?
6
Suppose -7 + 51 = 11*r. Suppose -r*l = -0*l + 4. Let p(h) = -1 - 5*h - 6*h**2 + 0*h**2 + 4*h. What is p(l)?
-6
Let a(z) be the third derivative of z**4/12 - z**3 + 13*z**2. Let y(b) = b**2 + 6*b - 129. Let r be y(-15). What is a(r)?
6
Suppose 9 + 15 = 12*g. Let o(b) = g + 4 - b**2 + 2*b**2 - 8 - 13*b. Give o(11).
-24
Let i be ((-324)/(-270))/(16/15 + -1). Suppose 2*d + i = 22. Let y(r) = -6*r + 1. Calculate y(d).
-11
Let i(c) = -3*c**3 - 23*c**2 + 10*c + 24. Suppose m = -l - 10, -11*m = -16*m - 4*l - 48. Let o be i(m). Let v(k) = k**3 - 8*k**2 - 9. Determine v(o).
-9
Let j(k) be the first derivative of 0*k + k**3 + 13 + 1/120*k**6 + 7*k**2 - 1/15*k**5 - 1/8*k**4. Let v(r) be the second derivative of j(r). Calculate v(4).
-6
Let a(y) = -y**3 - 4*y**2 + 2*y + 6. Suppose 3*n + g + 153 = 8*n, -95 = -3*n - g. Suppose -25*s + n*s = -24. What is a(s)?
-2
Let q(y) = -7*y - 2. Let p(l) = 20*l + 1. Let f(v) = p(v) + 3*q(v). Give f(-5).
0
Let r(k) be the second derivative of -k**5/20 + 11*k**4/12 - 11*k**3/6 + 3*k**2/2 - 10725*k. Let l = 18 + -8. Calculate r(l).
-7
Let d(i) = -4*i - 2*i + 2 - 6*i + 4*i. Let m(c) = -c**3 + 7*c**2 - 4*c - 2. Let n be m(4). Let w be (10/n)/((-2)/(-12)). Give d(w).
-14
Suppose -2*k + 114 = k. Let m = k + -36. Let r(a) = 7*a - 16 + 0*a**3 + a**3 + 9*a**m + 8. What is r(-8)?
0
Let g(x) = x**3 + 2*x**2 + x + 9. Let b be g(-3). Let i(o) = -o + 3. Let y be i(b). Let l(a) = -1 + 0 - 3*a - y. Determine l(-6).
11
Suppose 0 = 5*h - 3*t - 44, -2*t = -h - 3*t + 12. Let o(y) be the second derivative of -y**4/12 + 11*y**3/6 - 15*y**2/2 - 4*y - 116. Give o(h).
-5
Suppose -40*j = -41*j - 5*z + 21, z - 25 = 5*j. Let x(i) = -2*i**2 + 5*i + 2. Give x(j).
-50
Suppose 4*t = 2*t + 8. Let o = 10 - t. Let d = 6 - o. Let r(z) = z**2 - z - 2. Give r(d).
-2
Suppose 0 = 17*a - 9*a - 16. Let s(f) = 15*f**a + 2 - f - 4*f**2 - 9*f**2. Suppose o = 3, 4*o - 4 = -2*b + 6*b. Determine s(b).
8
Let w = 31 + -31. Let g(f) be the first derivative of 9*f**2/2 - 5*f + 1. Let p(x) = 5*x - 2. Let b(m) = 4*g(m) - 7*p(m). What is b(w)?
-6
Let s(n) = -n**2 - 7. Let u(t) = -t**2 + 11*t - 5. Let l(o) = 2*s(o) - u(o). What is l(-12)?
-21
Suppose -3*n - 4*q = -37, -4*n - 263 = -3*q - 279. Let c(t) = -t**3 + 8*t**2 - 6*t + 11. Give c(n).
18
Let p(d) be the first derivative of -d**4/4 + 3*d**3/2 + 19*d**2/2 - d + 10. Let j(s) be the second derivative of p(s). Give j(6).
-27
Suppose 53*h = 597 + 251. Let g(b) = b**3 - 17*b**2 + 16*b - 21. Determine g(h).
-21
Let s(p) = p**3 - p**2 - 22*p - 6. Let t(n) = -20*n - 195. Let i be t(-10). What is s(i)?
-16
Let c(t) = 2*t - 5. Suppose 0 = -7*a - 1223 + 1258. Give c(a).
5
Let v(q) = -2*q**2 - 38*q + 4. Suppose -f = 4*l + 4 + 19, l + 153 = -8*f. Give v(f).
4
Let s(d) be the second derivative of -5*d**3/6 - 9*d**2 + 10*d + 119. Give s(6).
-48
Suppose -10*y - a + 908 = -6*y, -y - 4*a + 212 = 0. Let x = 241 - y. Let g(d) = -d**3 + 12*d**2 + 14*d - 5. Give g(x).
8
Suppose 79*y + 108 = 106*y. Let w(g) = -3*g**2 + 10*g - 2. Determine w(y).
-10
Let z(h) = -h - 19. Let r(p) = 4*p + 94. Let y(w) = 2*r(w) + 11*z(w). Calculate y(-7).
0
Let s(o) be the third derivative of o**4/6 + o**3/2 - 5*o**2 - 1. Let w be -6 - 6/(-5)*(-90)/(-27). What is s(w)?
-5
Let h(l) = -5*l + 2. Let u(o) = 51*o + 77. Let k(s) = 4*h(s) - u(s). Give k(-1).
2
Suppose h - 13 = x - 7, 3*x + 13 = -2*h. Let j(g) = 5*g + 4 + 4 - 2 - 2. Let k(b) = 6*b + 5. Let n(z) = 5*j(z) - 4*k(z). Give n(h).
1
Let x(o) be the first derivative of -3*o**2 - o + 2. Let n(z) = 2*z + 5. Let y be n(-2). Let r(l) = l**3 + 3*l**2 - 4*l + 1. Let f be r(y). Calculate x(f).
-7
Let c = 48 + 2. Let k = -34 + c. Suppose 0 = -5*z - 2*i - i + 17, -5*z + k = 4*i. Let y(a) = -a**3 + 4*a**2 - 2*a + 4. Determine y(z).
-4
Let h(m) = m**3 + m**2 + 7*m - 6. Let l be ((-6)/45)/(-1) - (-122)/(-915). Determine h(l).
-6
Let j(w) be the first derivative of w**3/3 + w**2 - w - 1. Let o(s) = 25*s - 77. Let v be o(19). Let f = v - 403. What is j(f)?
14
Suppose -4*c - 2*t = -c - 15, -4*c + 20 = 3*t. Let g(b) = 6 + c*b - 7*b - 3 + 0*b + 0. What is g(2)?
-1
Let j(b) = -91 - b**2 - 97 + 193 - 2*b. Let h be j(0). Let c(k) = 3*k - 6. Calculate c(h).
9
Let n(j) = 3*j**3 - 15*j**2 - 3*j - 3. Let i(g) = 3 + 4*g**3 - 8 - 7*g + 4*g - 2*g - 22*g**2. Let q(c) = 5*i(c) - 7*n(c). Give q(-4).
-4
Let n(b) = b**3 - 6*b**2 + 3*b - 8. Let v = -75 + 112. Let g be (300/(-24))/25 - (-25)/2. Suppose -g = v*i - 39*i. Calculate n(i).
10
Let h = 2714 - 2699. Let w(g) = g**2 - 12*g - 21. Determine w(h).
24
Let s(k) = k + 8. Let h = -16992 + 17013. What is s(h)?
29
Let s be 9 - -4 - 21 - -8. Let f(i) = i**3 - i**2 + i - 53. What is f(s)?
-53
Let i(q) = 6011*q**2 - 6004*q**2 - 18 + 2*q + q**3 + 2*q. Determine i(-6).
-6
Suppose -21 = -6*n - n. Let d(m) = -3*m - 249 + 246 - n*m. What is d(-4)?
21
Let i(q) be the second derivative of 3*q + 2 - 1/12*q**4 - 4/3*q**3 - 2*q**2. Determine i(-5).
11
Let h(v) = 2*v**2 - 2*v - 3. Let p be 32/(-10) - (-2 + 54/30). Let l = p - -7. Let u(m) = 5*m - 17. Let o be u(l). Calculate h(o).
9
Let j(q) be the first derivative of q**4/24 + q**3/3 - 24*q**2 - 63. Let v(i) be the second derivative of j(i). Give v(-6).
-4
Suppose 5*j + 5 = 0, -3*j + 6 = 2*d + 35. Let z(s) = -s**2 - 18*s - 56. Determine z(d).
9
Let z(o) be the third derivative of -o**5/10 + o**4/3 - 10*o**3/3 - 46*o**2 + 10*o - 4. Give z(3).
-50
Let k(w) = -6*w + 31. Let d = -5401 + 5410. Calculate k(d).
-23
Let a(u) = 42*u + 5010. Let z be a(-119). Let n(j) = -2*j**2 - 12*j + 15. Let y(p) = -p**2 - 11*p + 15. Let q(l) = -2*n(l) + 3*y(l). What is q(z)?
51
Let n(o) be the second derivative of 7*o**4/12 + 5*o**3/6 + 5*o**2/2 + 2*o. Let b = 218294 - 218295. Give n(b).
7
Let i(l) = -l + 1. Suppose c + 9 - 23 = 0. Suppose -c*x + 642 + 758 = 0. Let z = x + -100. What is i(z)?
1
Let u(f) = f**3 + 5*f**2 + 2*f + 3. Let w = 39 + -25. Let c be -40*w*4/32. Let i = c + 65. Calculate u(i).
-7
Let r(z) = -z**3 - 2*z**2 + 2*z + 4. Let q(v) = 14*v**2 + 4*v + 4. Let j be q(-3). Let n = j + -121. What is r(n)?
7
Let g be -3*1*16/(-12). Suppose -g*h + 2*z = 6, 0 = z + 2*z + 15. Let q(u) be the second derivative of u**4/12 + u**3/3 - 2*u**2 + u - 42. Give q(h).
4
Suppose -128*k + 72*k = -62*k + 6. Let x(f) be the second derivative of -f**5/5 - f**4/12 + f**3/3 - f**2/2 + 2*f. Determine x(k).
-4
Let z(p) = p**2 - 8*p - 10. Let g be -1 - (1 - 28/1). Let o(j) = 10*j**3 - j**2 + 1. Let k be o(-1). Let y be 2 - (-15)/k - g/(-4). What is z(y)?
-17
Suppose 34*q = 30*q + 220. Let h(c) = 65 - 3*c - 117 + q. Determine h(4).
-9
Suppose 18*q - 23*q + 29 = 3*c, 0 = 4*q - 4. Let d(b) = 4*b**2 - 34*b + 4. Give d(c).
-12
Suppose 2*h - 4*h = -5*h. Let y(m) = 39 + h*m - 43 - 3*m + 7*m - m. Calculate y(-4).
-16
Let n(z) = -25*z - 3564 + 3513 + 8*z + z**2. Give n(24).
117
Let k = -856 - -850. Let t(a) be the third derivative of a**5/60 + 3*a**4/8 + 2*a**3/3 + 16*a**2. What is t(k)?
-14
Let w(u) be the first derivative of 1/2*u**2 - 6 - 1/4*u**4 - 4/3*u**3 + 2*u. Let q(z) = z**3 + 4*z**2 + 4*z. Let c be q(-3). Calculate w(c).
-10
Let d(y) = y**2 + 16*y + 4. Let s(u) = -u. Let h(m) = -d(m) - 5*s(m). Let z(f) = 11*f - 66. Let w be z(5). Calculate h(w).
-4
Let u(z) be the second derivative of z**3/6 - 2*z**2 + 1616*z. Let h = 2 - 2. Give u(h).
-4
Let t(o) = -13*o + 4. Let k = 7166 + -7160. Calculate t(k).
-74
Suppose -56 + 24 = -9*w - 14. Let a(r) be the second derivative of -r**3/6 + 3*r**2/2 + r. Give a(w).
1
Let w(m) = -6*m**2 + 7*m**2 + 3*m**2 + 2 - m**3 - 4*m**2. Let a be 2/(-4 + 6) - 1. Determine w(a).
2
Suppose 5*w - 134 + 2859 = 0. Let d = 537 + w. Let i(g) = -2*g - 14. Give i(d).
2
Let i(r) = 76 + r - r - 3*r + 81 - 135. Determine i(-16).
70
Let x(f) = 6*f + 110. Let b(k) = 2*k + 106. Let r(l) = -4*b(l) + 5*x(l). Calculate r(-7).
-28
Let k(q) = -q**3 - 7*q**2 - 8*q + 12. Let m = -4667 - -4661. Calculate k(m).
24
Let l(i) = -i**3 + 8*i**2 + 9*i - 10. Let o = -537 - -534. Let b(p) = -2*p**3 + 8*p**2 + 10*p - 11. Let c(j) = o*l(j) + 2*b(j). Give c(-7).
8
Suppose -17*f + 11*f = -18. Suppose -12*t = -f*t - 63. Let q(p